what is -10 + -2450132?
-2450142
In base 12, what is 1 - 1475b?
-1475a
In base 2, what is -101110100011100 - -1000?
-101110100010100
In base 12, what is 1b - 409b1?
-40992
In base 2, what is -111011100010000 - -1000?
-111011100001000
In base 5, what is -122 + -13234?
-13411
In base 15, what is -1 + -cd54?
-cd55
In base 13, what is -4 - -215757?
215753
In base 9, what is 3 - -260354?
260357
In base 4, what is -20 - -112210222?
112210202
In base 14, what is dc89 - -3?
dc8c
In base 7, what is -3256503 + 3?
-3256500
In base 8, what is -4 - -2342523?
2342517
In base 12, what is 1a + -6a46?
-6a28
In base 7, what is -4212 - -453?
-3426
In base 7, what is 14123425 - -3?
14123431
In base 10, what is 53279 + -5?
53274
In base 15, what is 6c - 4e4?
-477
In base 16, what is 3479a - 2?
34798
In base 11, what is -9 - -28662?
28654
In base 13, what is -51 + 5c7?
576
In base 3, what is 22 - 2120101?
-2120002
In base 4, what is 203303131 + -10?
203303121
In base 15, what is -38 - -431?
3e8
In base 5, what is -4 - -4230131?
4230122
In base 11, what is -3 + -1315?
-1318
In base 4, what is 2033003 + -23?
2032320
In base 5, what is -31 - -122033?
122002
In base 9, what is 0 - 342252?
-342252
In base 6, what is -1 + -14442?
-14443
In base 5, what is -1000 + -2014430?
-2020430
In base 6, what is 314404 + -13?
314351
In base 12, what is 20 - 1a88?
-1a68
In base 16, what is -164 - -17e?
1a
In base 7, what is 114364 + 260?
114654
In base 16, what is 16f - -32?
1a1
In base 10, what is -3 - -15977?
15974
In base 6, what is 35 + 3530?
4005
In base 16, what is -721f5 + -3?
-721f8
In base 16, what is -3e69c6 - 5?
-3e69cb
In base 12, what is -30386 - -3?
-30383
In base 16, what is 3 + 28ec?
28ef
In base 12, what is -1aa - -5323?
5135
In base 10, what is -5 + 58478?
58473
In base 16, what is 2 - 2f3f4?
-2f3f2
In base 10, what is -10843 - 1?
-10844
In base 5, what is 13414 - 414?
13000
In base 15, what is -5 - 78de5?
-78dea
In base 3, what is -2010112222011 - 11?
-2010112222022
In base 13, what is 2 - -15a79?
15a7b
In base 6, what is 2454 + -11?
2443
In base 3, what is -2101 + 2021102?
2012001
In base 11, what is 21866 - -4?
2186a
In base 15, what is -9e + -279?
-328
In base 15, what is -1a864 + -8?
-1a86c
In base 2, what is -11001110110011110111 - -100?
-11001110110011110011
In base 5, what is 1142 + 4020?
10212
In base 8, what is -12 + 4777?
4765
In base 4, what is 203012020 + 0?
203012020
In base 5, what is -1212224 + 4?
-1212220
In base 3, what is -12222010 + 20111?
-12201122
In base 5, what is -10144 - -103?
-10041
In base 10, what is -162911 + 19?
-162892
In base 11, what is -2 - -a05?
a03
In base 10, what is 1 + -45152?
-45151
In base 5, what is -1 + -43013004?
-43013010
In base 3, what is -10210021 - 1200?
-10211221
In base 3, what is 1001 + 20122101?
20200102
In base 5, what is -141 + -2222?
-2413
In base 10, what is 5 + 2407?
2412
In base 16, what is 6 - -18c5?
18cb
In base 7, what is 12612 + 26?
12641
In base 10, what is 7 + 243292?
243299
In base 16, what is 1db4a + 4?
1db4e
In base 8, what is -2434203 + 4?
-2434177
In base 13, what is -191c7 + 34?
-19193
In base 6, what is 40130 + 2?
40132
In base 3, what is -120121110 + -2?
-120121112
In base 8, what is -736305 + 0?
-736305
In base 8, what is -2426 + 401?
-2025
In base 3, what is -20200200 - 10020?
-20210220
In base 16, what is d - 375d?
-3750
In base 13, what is -6952 + 6?
-6949
In base 4, what is 3 - -1030130?
1030133
In base 4, what is 10 + 2022323023?
2022323033
In base 11, what is 2 - -734a?
7351
In base 15, what is -1 - c052?
-c053
In base 10, what is -1 + 168365?
168364
In base 6, what is -5 + 4352441?
4352432
In base 7, what is -53146 + -123?
-53302
In base 2, what is -110 - -1001010010111?
1001010010001
In base 6, what is 2001 - 12134?
-10133
In base 16, what is 5 - 2ecc?
-2ec7
In base 11, what is -958 - -40?
-918
In base 2, what is -10 + -100101001101110?
-100101001110000
In base 2, what is 110101101100 + 111?
110101110011
In base 4, what is 12001 + 123201?
201202
In base 12, what is -2108 + 27?
-20a1
In base 2, what is -1 - -111000101100010?
111000101100001
In base 8, what is -5615313 + 1?
-5615312
In base 9, what is -5 - 1782308?
-1782314
In base 14, what is 973 + 386?
d19
In base 5, what is 21323401 - -2?
21323403
In base 10, what is 0 + 13327?
13327
In base 9, what is 3 + 42485?
42488
In base 16, what is -54 + 7594?
7540
In base 11, what is 27 + -1424?
-13a8
In base 13, what is 256c - -8?
2577
In base 13, what is 49a + -93?
407
In base 14, what is 8b09 + -4?
8b05
In base 13, what is 21168 - -3?
2116b
In base 9, what is -136264 + -3?
-136267
In base 10, what is 245 - -1885?
2130
In base 11, what is 12585 + -1?
12584
In base 10, what is -712 + 48?
-664
In base 2, what is -10111111 + 10000?
-10101111
In base 6, what is 5400 - -21?
5421
In base 13, what is a - -1b41?
1b4b
In base 15, what is -3 - 2830?
-2833
In base 8, what is -570 - -460?
-110
In base 4, what is -11130 + -30001?
-101131
In base 14, what is -48386 + -1?
-48387
In base 3, what is 12 + 211021202?
211021221
In base 13, what is -3 + bc8?
bc5
In base 8, what is 3 - -773557?
773562
In base 13, what is -2126 + -9?
-2132
In base 15, what is -11 - -a198?
a187
In base 11, what is -1 - 3629?
-362a
In base 7, what is 111 - 603?
-462
In base 13, what is 1aac80 - -5?
1aac85
In base 14, what is c09 + -4?
c05
In base 9, what is -3 + 286131?
286127
In base 10, what is 122 - 5734?
-5612
In base 16, what is -56dd0 - 6?
-56dd6
In base 2, what is -1001111001100011 + -100?
-1001111001100111
In base 15, what is -1 + -9891a?
-9891b
In base 15, what is a2a - -e?
a39
In base 10, what is 20885 - 1?
20884
In base 6, what is -53115 + -3?
-53122
In base 11, what is -39 + -1294?
-1322
In base 15, what is -c5ad8 + 8?
-c5ad0
In base 11, what is -5375 - 4?
-5379
In base 2, what is 1010110 - 100010010?
-10111100
In base 16, what is -d + -1b2?
-1bf
In base 12, what is 4b6a9 + 2?
4b6ab
In base 9, what is -4 - -2267702?
2267687
In base 13, what is -27 - -104?
aa
In base 16, what is e4b97 - 1?
e4b96
In base 16, what is 1b + -745?
-72a
In base 15, what is -124619 + 4?
-124615
In base 10, what is -1 - -244566?
244565
In base 5, what is -314420 + 111?
-314304
In base 6, what is 3 + -20010?
-20003
In base 16, what is -11e + 6?
-118
In base 10, what is 814 + -21?
793
In base 11, what is 79242 - -2?
79244
In base 16, what is -28ef + 2d?
-28c2
In base 9, what is 4 + 18843?
18847
In base 3, what is 1 + 21221112210?
21221112211
In base 10, what is -30682 - -2?
-30680
In base 5, what is -2101 + -12322?
-14423
In base 15, what is 120de - 44?
1209a
In base 4, what is -113 + 2010123?
2010010
In base 2, what is 111100011 + 101000101011?
110000001110
In base 3, what is -102210012210210 + -2?
-102210012210212
In base 15, what is 3 + a5bb?
a5be
In base 6, what is -13005515 + 1?
-13005514
In base 8, what is -2547 + -553?
-3322
In base 11, what is 18a - 792?
-603
In base 3, what is -200100012 + 2?
-200100010
In base 11, what is 7421a + -5?
74215
In base 4, what is 232 + 22021?
22313
In base 14, what is -10038c8 + 3?
-10038c5
In base 6, what is 2 + -2205352?
-2205350
In base 12, what is -348 - 9b?
-427
In base 11, what is 75101 + -1?
75100
In base 14, what is -3 - -273ba?
273b7
In base 9, what is 11 + -10763?
-10752
In base 10, what is -71 - 73?
-144
In base 16, what is -33f40 - -4?
-33f3c
In base 2, what is -10001 - 1001010000001101?
-1001010000011110
In base 4, what is -230102101 + 0?
-230102101
In base 2, what is -1001001111 + -110101011101?
-111110101100
In base 3, what is 0 + -211000222021?
-211000222021
In base 12, what is 5826 + -a?
5818
In base 3, what is -1012112 + -12111?
-1102000
In base 3, what is 1010002001222 + 0?
1010002001222
In base 10, what is -18558 - -8?
-18550
In base 3, what is 22101 + 210122?
1010000
In base 10, what is 19 + 2916?
2935
In base 2, what is -10000011011 - 1110?
-10000101001
In base 6, what is -1333412 - -2?
-1333410
In base 8, what is 50 + 12724?
12774
In base 2, what is -10111 + -10010010011111?
-10010010110110
In base 2, what is 1 - 1110100111011011?
-1110100111011010
In base 9, what is 2 + 67523?
67525
In base 13, what is 4 + 1042?
1046
In base 14, what is 699 + -123?
576
In base 15, what is -65 + 6a?
5
In base 11, what is 1779 + 184?
1952
In base 14